est common factor of 31682 and 14756?
434
What is the greatest common divisor of 516 and 49407?
129
What is the highest common factor of 132289 and 503?
503
Calculate the greatest common factor of 545445 and 2325.
465
Calculate the greatest common divisor of 110 and 43950.
10
What is the greatest common divisor of 170847 and 81?
9
Calculate the highest common divisor of 24714 and 9.
9
What is the greatest common factor of 621 and 24273?
27
What is the highest common divisor of 800 and 119008?
32
What is the greatest common factor of 98475 and 675?
75
What is the greatest common factor of 112 and 7120?
16
Calculate the greatest common divisor of 6348 and 1886.
46
What is the greatest common factor of 3451 and 2949619?
493
Calculate the greatest common divisor of 654364 and 323.
17
Calculate the greatest common factor of 288 and 95436.
36
Calculate the greatest common divisor of 19796 and 2450.
98
What is the highest common factor of 1069300 and 222?
74
What is the highest common divisor of 68 and 134113?
17
What is the highest common divisor of 2712 and 1469?
113
What is the greatest common factor of 51 and 16372581?
51
What is the highest common divisor of 426684 and 124?
124
What is the greatest common factor of 60 and 11805?
15
Calculate the greatest common factor of 39 and 1753349.
13
Calculate the greatest common factor of 2505 and 75651.
501
Calculate the highest common factor of 16680 and 96.
24
What is the greatest common factor of 4256 and 1729?
133
What is the greatest common divisor of 1029 and 168?
21
Calculate the greatest common divisor of 47596 and 77672.
292
What is the greatest common factor of 5136 and 738942?
642
Calculate the greatest common divisor of 8 and 583960.
8
What is the highest common factor of 6710208 and 72?
24
Calculate the highest common divisor of 47 and 150917.
47
Calculate the highest common divisor of 1131 and 63713.
377
What is the highest common divisor of 2808 and 12792?
312
What is the greatest common divisor of 12932 and 976?
244
Calculate the highest common divisor of 78 and 598.
26
What is the highest common divisor of 15280 and 2101?
191
Calculate the greatest common factor of 2290 and 685.
5
Calculate the highest common factor of 118368 and 4320.
864
What is the greatest common factor of 2178 and 234?
18
Calculate the greatest common divisor of 52 and 2396.
4
What is the highest common factor of 9558 and 649?
59
What is the greatest common divisor of 910 and 94770?
130
What is the greatest common divisor of 144 and 3488256?
144
Calculate the greatest common divisor of 72 and 83256.
24
Calculate the greatest common divisor of 561 and 24057.
33
What is the greatest common factor of 7395 and 3?
3
What is the greatest common divisor of 624 and 5249088?
624
Calculate the highest common divisor of 1586 and 12566.
122
Calculate the greatest common factor of 63 and 525.
21
What is the highest common factor of 16 and 21424?
16
What is the greatest common divisor of 2484 and 1572?
12
What is the highest common divisor of 32806 and 470?
94
Calculate the highest common divisor of 6 and 611913.
3
What is the highest common factor of 9653 and 539?
49
Calculate the greatest common divisor of 62720 and 245.
245
Calculate the highest common divisor of 17184 and 30.
6
What is the highest common factor of 12 and 1385236?
4
Calculate the greatest common divisor of 757224 and 936.
936
What is the highest common factor of 112 and 28784?
112
What is the highest common factor of 37673 and 505?
101
Calculate the greatest common divisor of 10767 and 91277.
97
What is the greatest common factor of 90 and 1039530?
30
Calculate the highest common divisor of 302 and 90751.
151
Calculate the highest common factor of 6389864 and 104.
104
What is the highest common divisor of 4301 and 6072?
253
What is the greatest common factor of 12 and 18078?
6
Calculate the greatest common divisor of 412 and 82606.
206
What is the highest common divisor of 6 and 5576?
2
Calculate the highest common factor of 110622 and 927.
309
What is the greatest common factor of 4150 and 402135?
415
What is the greatest common divisor of 136 and 43843?
17
Calculate the greatest common divisor of 308013 and 1743.
249
Calculate the highest common factor of 2461 and 186715.
107
Calculate the greatest common factor of 101282 and 2314.
178
Calculate the highest common factor of 550724 and 1048.
524
Calculate the highest common factor of 182 and 2429.
7
What is the greatest common factor of 1768672 and 32?
32
Calculate the greatest common factor of 88936 and 224.
8
What is the greatest common factor of 7416 and 1032987?
309
Calculate the greatest common divisor of 1264367 and 39.
13
Calculate the highest common factor of 88 and 1172248.
88
What is the highest common factor of 616 and 30712?
88
What is the greatest common divisor of 41583 and 14359?
83
Calculate the highest common divisor of 2697 and 1903183.
899
Calculate the highest common divisor of 61033 and 7.
7
What is the highest common factor of 25 and 213850?
25
What is the greatest common divisor of 21 and 817593?
21
Calculate the highest common factor of 3964 and 146.
2
Calculate the greatest common divisor of 1629 and 1954438.
181
Calculate the greatest common divisor of 1526 and 16350.
218
What is the greatest common divisor of 152 and 2792?
8
Calculate the highest common divisor of 7198 and 12017.
61
What is the greatest common factor of 5086 and 2?
2
Calculate the highest common factor of 20052 and 36.
36
Calculate the greatest common divisor of 14014 and 3562.
26
Calculate the highest common divisor of 69446 and 702.
26
Calculate the highest common divisor of 21 and 3963309.
21
What is the highest common divisor of 1219108 and 7532?
1076
What is the highest common factor of 102 and 188938?
34
Calculate the greatest common factor of 3324 and 840.
12
What is the greatest common factor of 27835 and 20?
5
Calculate the highest common divisor of 48 and 220434.
6
Calculate the greatest common factor of 3731 and 224.
7
What is the highest common factor of 120472 and 2024?
88
What is the highest common divisor of 975 and 3125?
25
Calculate the highest common divisor of 56 and 422744.
56
Calculate the greatest common factor of 331011 and 27.
9
Calculate the greatest common divisor of 2023 and 386104.
289
What is the greatest common divisor of 132 and 2109668?
44
What is the greatest common factor of 201161 and 17?
17
Calculate the highest common factor of 1184 and 540126.
74
What is the highest common divisor of 30 and 1108440?
30
What is the greatest common factor of 104993 and 20405?
371
What is the highest common divisor of 5063211 and 9?
9
What is the highest common factor of 188 and 5001928?
188
What is the greatest common divisor of 1368 and 41553?
171
What is the greatest common divisor of 5325 and 26838?
213
What is the greatest common factor of 2581 and 979?
89
What is the greatest common divisor of 21996245 and 415?
415
Calculate the greatest common divisor of 3939 and 25149.
303
What is the highest common factor of 60634 and 2030?
14
What is the greatest common divisor of 550463 and 71?
71
Calculate the greatest common divisor of 1242825 and 675.
75
Calculate the greatest common factor of 18626729 and 319.
319
Calculate the highest common factor of 1090 and 56135.
545
Calculate the highest common factor of 6045 and 5265.
195
Calculate the greatest common factor of 151134 and 6.
6
What is the highest common divisor of 472 and 8563260?
236
Calculate the highest common factor of 3191768 and 370.
74
Calculate the highest common factor of 6430 and 50.
10
What is the highest common factor of 6386 and 284?
2
What is the highest common factor of 786 and 6150?
6
Calculate the highest common divisor of 42344 and 67.
67
What is the greatest common factor of 1300 and 11600?
100
Calculate the greatest common factor of 187 and 4730.
11
What is the greatest common divisor of 648 and 1752?
24
Calculate the highest common factor of 6 and 346839.
3
What is the greatest common factor of 111881 and 539?
77
Calculate the greatest common divisor of 442281 and 42.
21
Calculate the greatest common factor of 530 and 4611.
53
What is the highest common factor of 39227 and 5?
1
What is the greatest common factor of 11